 -3)) + 2.
11
Evaluate 6 - 15 - ((-10 - 0) + -9).
10
What is the value of (-2 - 14) + -4 + 20?
0
-4 + (0 + -1 - -3) - (46 + -45)
-3
Calculate (4 - -20) + (-199 - -189).
14
12 + (-1 - -2) - (-18 - -5 - -19)
7
What is -8 + 27 + (1 - 16) + 1?
5
Calculate -17 + -18 + 42 + -15.
-8
What is -13 + (-4 - (7 + -15 + 0))?
-9
What is -3 + -1 + -1159 + 1135?
-28
What is the value of 12 + (-9 - -1) + (-1 - 17)?
-14
(-9 - -20) + -18 + 2 + 16 + 2
13
(-24 - -3) + 44 + -33
-10
18 + -21 + -2 - (13 + -2)
-16
What is 12 + -4 + -15 + 7?
0
Calculate -214 + 181 + (19 - 0).
-14
-6 - -4 - -19 - 5
12
What is 40 + -48 + 23 + -1 + -3?
11
What is the value of 4 + ((0 - 4) + -8 - -9)?
1
Evaluate 12 + 1 + 15 + -5.
23
10 + (4 - (8 + (31 - 6) - -4))
-23
Calculate -26 + (49 - 1) + 6.
28
Calculate -14 + 7 + (-3 - 8).
-18
Calculate -67 + 10 + 22 - (1 + -13) - -3.
-20
Evaluate -16 - 0 - (-7 - 1 - (-58 + 53)).
-13
Evaluate (3 - -2) + (-11 - -14 - 4).
4
Calculate 18 + 0 - ((0 - 16) + 9 + 12).
13
What is the value of 2 + (-1 - -2) - (21 + -14)?
-4
11 - ((10 - 12) + -1 - -9)
5
Calculate 13 - (17 + (-19 - -6)).
9
(53 - -7 - 46) + -1 + 0
13
What is (-12 - -2) + (158 - 153)?
-5
What is the value of 8 - ((19 - 13) + 0 + 3)?
-1
Calculate (13 - (7 + (5 - 12))) + -1.
12
-26 + 10 - (63 + -48)
-31
What is -10 - (8 + 8 + -16) - -5?
-5
Calculate -7 - (-8 + 11 + 6 + -29).
13
What is the value of (0 - -10 - 1) + (140 - 142) - 7?
0
What is (1 - 6) + 1 + 9 - -8?
13
Calculate -4 + 4 + 1 - ((-8 - -9) + -1).
1
Evaluate -30 + 25 - ((2 - 4) + 4).
-7
15 + -18 + 3 - -15
15
What is 30 + -18 - (-2 + 6) - 5?
3
Calculate (3 - (0 - 6)) + (-31 - -40).
18
What is (25 - (14 - -17)) + 33?
27
Evaluate (-3 - 19) + 491 + -499.
-30
(10 - 20) + 27 + (-2 - 4)
11
Evaluate 9 - (-9 + -1 + (-6 - -31)).
-6
(0 - -12) + (73 - 77) - 12
-4
What is 3 + (5 - -20 - (12 - 7)) + -2?
21
What is (188 - 199) + (1 - (-7 + 27))?
-30
Evaluate 7 + -14 - ((13 - -5) + -9).
-16
Evaluate -4 + 3 + 31 + -21.
9
Calculate (-3 - -1) + 2 - (9 - 6) - 3.
-6
-24 - -23 - (-13 - (4 - 5))
11
What is the value of (-35 + -11 - -39) + (-1 - -1)?
-7
What is the value of (-2 - -8) + (53 - 64)?
-5
What is -14 - -6 - 6 - (-3 + -2)?
-9
-48 + 22 - -22 - (-1 - 0 - -1)
-4
What is the value of (0 - (1 - -5) - -2) + (4 - -21)?
21
What is 324 - 321 - (9 - (-2 + -2))?
-10
Calculate 6 + -3 + -11 + (32 - 9) + -6.
9
What is the value of 41 + -8 + -54 - (-11 - -1)?
-11
Calculate 22 - (5 - (16 + -27)).
6
Evaluate 11 + (4 - 39) - -4 - -12.
-8
What is 1311 + -1311 - ((-42 - 0) + 3)?
39
Evaluate (13 - 25) + 1 + 15 - (0 - 4).
8
Calculate 10 - ((1 - -6) + 3 + -1).
1
Evaluate (-7 - -16) + 0 + -19 - -1.
-9
What is -10 + 2 - (-3 + -5)?
0
Calculate -22 + (13 - -15) - 30.
-24
-15 + (-80 - -84 - (-9 + 2))
-4
Evaluate (-1 - -6) + (-10 - -14) + -2 + 1.
8
Calculate -3 + 28 - (98 - 83).
10
Calculate 1 - (0 + 5 + -6) - (10 + -3).
-5
-31 + 17 - (-16 - -1)
1
What is (-7 - (4 + -11) - (-1 + -1)) + -6?
-4
Evaluate 23 - (45 + 7) - 4.
-33
What is the value of -13 + (0 - -12) + -150 + 134?
-17
-16 - (-11 + -20 + 14)
1
What is the value of (7 - 1 - (7 + 0)) + 3 + -14?
-12
Calculate -56 - -62 - (3 - -1).
2
What is the value of 14 - (25 + (5 - -1) + -6)?
-11
3 + -4 + 18 + 3 + -11
9
What is -109 + 125 + -1 + -4?
11
Evaluate (0 - 7) + 78 + -62.
9
Calculate 4 + -8 - -1 - (-23 - (-6 - -14)).
28
(-1 - -5 - (10 + -11)) + 7
12
What is 3 + -1 + (-3 - -5) - 3 - -2?
3
-7 - (1 + -23 - (294 + -306))
3
Calculate 8 - 1 - ((20 - -5) + -24).
6
Calculate (-2 + (8 - 9) - -7) + -2 + -4.
-2
What is -21 + (32 - 31) + 0 + 0?
-20
Evaluate 14 - 0 - 7 - (10 + -1).
-2
What is -49 + (31 - (22 - 15))?
-25
What is the value of 10 - (-12 - (13 + -2 - 13))?
20
Calculate 4 - (-11 + 13 + -15).
17
Calculate -9 + -7 + (-40 - -87).
31
4 - 28 - (-15 + 7)
-16
Calculate -1 + -5 - (-546 - -538).
2
What is (-138 - -142) + (13 - 1)?
16
32 + 1 - 14 - 4
15
Calculate -71 + 67 + (-4 - -1 - -5).
-2
Evaluate 2 + 42 + 43 + -35 + -28.
24
What is 14 - (16 + -30) - (9 - -1)?
18
What is the value of -16 - (-12 + -1 + (8 - 4))?
-7
13 + (9 - (-4 - ((6 - 0) + -16)))
16
-24 + (-5 - -13) + -2
-18
Evaluate 10 + (0 - (12 + -7 - 5)).
10
29 - (23 - (37 + -21))
22
What is (44 - 14) + -8 + -34?
-12
What is 0 - (0 - (-4 - (-2 - 1)))?
-1
What is the value of 14 - ((17 - (19 - 12)) + -8)?
12
What is -9 + (-11 - (2 - 20))?
-2
0 + -3 + (2 - (-4 + -1 - -5))
-1
Calculate (-4 - 0) + (110 - 102) + 16 + 1.
21
19 - -5 - 20 - -25
29
What is 15 + -7 + 3 - 8 - 20?
-17
What is -48 + 58 - (4 - 3)?
9
Evaluate -8 - 7 - (-69 - -50).
4
Calculate -9 - (-19 - (-16 + 1)).
-5
Evaluate 27 - ((-12 - 1) + 40).
0
Evaluate 5 + (-15 - -5) + 8 + -9.
-6
Calculate (21 - -14 - 21) + -14 + 1.
1
What is -22 - -21 - (-11 - -2)?
8
What is -3 - (-1 - -2) - (-9 - 0) - 37?
-32
Evaluate 7 + (6 + -4 + -2 + -2 - 14).
-9
42 - (45 + -30) - 19
8
-5 + 2 + 12 - 23
-14
Evaluate -12 + 2 + 18 + -13.
-5
-5 + 37 - (1 + -2) - (18 + -15)
30
What is the value of (-38 - -23) + -7 - -6?
-16
30 - 0 - (30 + -25)
25
What is (1 - (-1 + 1 + -1)) + -1883 + 1880?
-1
What is the value of -15 + -8 + 2 + 15?
-6
(-13 - -12) + -3 + -5 - 7
-16
What is the value of (0 - -8) + 10 + (-3 - 17) + -7?
-9
What is -12 + 1 + (8 - -1) + -238 + 233?
-7
-12 - 15 - -42 - (21 - -1)
-7
Evaluate 8 + 9 + -14 - (3 + 4 + -8).
4
Evaluate (-46 - -13) + (44 - 5).
6
Evaluate (5 + 2 - 7) + (-2 - -9 - 3).
4
What is the value of (-7 - -2) + 15 + 3 + -7?
6
Calculate 5 + 2 + -3 + 3 + -1.
6
(6 - 2) + (37 - 45)
-4
What is 8 + (2 - (-2 - -1) - 2)?
9
What is 2 + 5 + -5 + -14 + 3?
-9
What is -3 - (23 + (-29 - -20))?
-17
Evaluate -28 + (9 - 1 - -18).
-2
Calculate (16 - (8 - 8)) + -20 - 3.
-7
Calculate 2 + -1 - (1 + 6 - (32 + -57)).
-31
What is -2 - 11 - (-31 - (-19 + 38))?
37
What is the value of -13 + 10 + 6 - 0?
3
Calculate -26 + -8 + 13 - -7.
-14
What is the value of -1 + 12 + (3 - (7 + 13))?
-6
13 - (-7 + 10 - -7) - (-5 + -6)
14
(5 - 16) + 15 + -11
-7
What is the value of (0 - (-66 + 69)) + (-27 + 2 - 1)?
-29
Calculate (-10 - (-44 - -28)) + (-2 - -1) + -24.
-19
What is the value of -8 - (-22 + 13 + -5) - (6 - -2)?
-2
What is -6 - 3 - (-8 + 8) - -14?
5
-13 - (-35 - -11) - 11
0
What is 22 - (3 - 9 - (-25 + 13 + 6))?
22
Evaluate 1 + 1 - (5 - -1 - (20 + -8)).
8
Evaluate (-1 - -3) + 17 - (-519 - -537).
1
What is the value of 3 + -20 + (75 - 53)?
5
What is the value of (-1 - 1) + 8 + -88 + 59?
-23
What is 1 + (13 - 3) - 4?
7
What is the value of (604 - 620) + 7 + (1 + 1 - 3)?
-10
Evaluate -3 + 14 + -11 + 16 + -3.
13
Evaluate 21 - 33 - 57 - -38.
-31
Calculate 1 - (-10 - 21 - -22).
10
Evaluate (-5 - (-16 + 12)) + -4 + -1 + -4.
-10
Evaluate 3 + (-4 - (3 + -14 - (-8 + 6))).
8
Evaluate 2 - ((1 - 0) + -76 + 75).
2
Calculate -1 - -7 - (10 - 16) - 9.
3
What is -2 - (45 - (-19 + 48))?
-18
Evaluate -8 + (11 - (-11 + 17)) + 5.
2
What is (17 - 12) + (0 - -3) + -2 - -1?
7
(19 + -7 + -13 - (-2 + 1)) + 19
19
1 - (3 - (-1 + 0)) - (-137 - -145)
-11
What is 90 + -66 + (-27 - -4)?
1
What is 7 + -15 + 0 + 7?
-1
What is 8 - (2 + (-4 - -7) + (7 - 0))?
-4
-25 + -6 + (2 - (6 + -5 - 2))
-28
(1 - 16) + -116 + 131
0
What is the value of 0 + 32 + -3 + -50?
-21
What is the value of (8 - -20) + (-94 - -57)?
-9
Calculate 27 + -27 + -20 + (20 - 7).
-7
What is the value of (-4 - -2) + 20 - (25 - (-1 + 18))?
10
Evaluate (35 - (-18 + 36)) + -16.
1
Calculate (102 + -114 - (-11 - 1)) + -11.
-11
What is the value of 22 - 86 - -79 - (0 - 3)?
18
(14 - (21 + -3)) + 13
9
What is the value of 5 + 1 + -2 + 39 + -35?
8
What is -6 - (-4 - (-15 - -17))?
0
Calculate -7 + 4 - -10 - (-9 - (-33 + 5)).
-12
What is 4 + -3 - (16 + 6 + -9 + 5)?
-17
Evaluate -22 + -40 - (-54 - -17).
-25
Calculate (2 - 8) + 10 - (23 - -1) - -5.
-15
What is -31 + 30 - (7 + -1 + -5)?
-2
3 - -3 - (-4 + 6 - -6)
-2
Evaluate -10 - 0 - ((22 - 47 - -11) + 26).
-22
What is 0 + -13 + 2 + 170 + -174?
-15
Calculate (13 - 0 - 19) + -2.
-8
What is the value of 1 + -2 + -4 + (15 - 18)?
-8
(-6 - (-2 - 5)) + (-3 - -11 - 26)
-17
Evaluate 8 + (-22 - (-16 - -4 - -6)) + -15.
-23
Calculate 9 - 9 - (-7 - -2).
5
What is 7 - (28 + -6) - -23?
8
Calculate -8 + 6 + 1 + 7 + -4 - 1.
1
-11 - (-3 + 0 + -4 + 6)
-10
Calculate -15 + 13 + -9 + 4 + 3 + -11.
-15
What is the value of 9 - (9 - 17 - (-8 - -1))?
10
Evaluate -18 + -2 + 1 + 4 + -4 - 1.
-20
Calculate -18 + 17 + 25 -